a - l = 3589. What is the tens digit of a?
9
Let w be -216*(2/(-2) + (-4 - -4)). Let s = -147 + w. What is the units digit of s?
9
Suppose -4*h + 93 = t, -155 = -4*t - 3*h + 243. Let i = -8 + t. What is the units digit of i?
3
Let a(h) = -3*h**2 + 19*h + 20. Let z be a(10). What is the units digit of (z/40)/(1/(-12))?
7
What is the tens digit of (153/(-18) - 5)*232/(-6)?
2
Suppose 2*c = -b + 998, -c + 3*b + 1986 = 3*c. What is the units digit of c?
8
Let g be 2 + 3/(-1) + 18/3. Suppose -g*q - 64 + 104 = 0. What is the units digit of q?
8
Suppose 95*b = 99*b - 16. Suppose b - 1 = 3*c, 688 = 4*o - 4*c. What is the hundreds digit of o?
1
Suppose o = -2*i - 5, -3*o - o - i = -1. Suppose o - 8 = -z. Let k(s) = 2*s**2 - 6*s + 2. What is the tens digit of k(z)?
5
Suppose 0 = b + 3*b + 5*a - 1125, -3*a = 9. What is the hundreds digit of b?
2
Suppose 3*g - 9 = -4*i + 17, 16 = 2*i + 3*g. Let a = i + -8. What is the tens digit of 1/(a/(-348)*4)?
2
Suppose 27 + 569 = 2*l. Suppose 0 = 3*t - 107 - l. What is the units digit of t?
5
Let b(h) = -h**3 - 7*h**2 + h + 7. Let f be b(-7). Suppose f = 6*d - 441 - 705. What is the units digit of d?
1
Let z = 546 - -65. Suppose 8*k - 437 = z. What is the units digit of k?
1
Let k(r) be the first derivative of -r**4/4 - 8*r**3/3 + 21*r - 10. What is the units digit of k(-9)?
2
Let c = -110 + 113. Suppose -c*t = -0 - 3. What is the units digit of t?
1
Let n = -2 + 1. Let x = 74 + -78. What is the units digit of (5/n)/(x/16)?
0
Suppose 0 = -4*u - 8, 5*t + 46 = -4*u + u. What is the hundreds digit of (0 + 1)*197 - (t + 10)?
1
Suppose -t - 5*c = -36, 2*t = -0*c - 3*c + 65. Suppose -2*g + 89 = t. What is the units digit of g?
9
Let s = -17 + 1. What is the units digit of 90/(-20)*s/6?
2
Let n = -37 + 19. Let x(g) = g**3 + 19*g**2 + 16*g - 21. Let y be x(n). What is the tens digit of (-3)/y + 492/10?
4
Suppose 4*t = 4, 2750 = 4*n + 4*t - 1534. What is the tens digit of n?
7
Let s(i) = -70*i + 25. What is the tens digit of s(-8)?
8
Let q be (0 + 0 + 0)*26/78. Let b = 91 + q. What is the tens digit of b?
9
Let r be 3/4 - (-15)/(-20). Suppose r = -3*v + 4*v - 3. Suppose 3*x = k + 62, -x = -v*x + 5*k + 63. What is the tens digit of x?
1
Let h(g) = -2 + 2 + 3*g**2 + 13*g - 2*g**2 - 3. What is the tens digit of h(-16)?
4
Let z(d) be the third derivative of 7*d**4/12 + 5*d**3/3 - 14*d**2. Let r be z(8). Suppose -x + r = x. What is the tens digit of x?
6
Let m = 1265 - -2469. What is the thousands digit of m?
3
Suppose -427 = -4*x + 673. What is the units digit of x?
5
Let o(i) = 25*i + 5. Let l be o(2). Let m = -46 - -16. Let w = l + m. What is the units digit of w?
5
What is the tens digit of (-4)/22 - (-147390)/187?
8
Let h(r) = -30*r - 9. Let d be h(-10). Suppose -5*l = -344 - d. What is the units digit of l?
7
Let d = -40 + 39. Let n(g) = -242*g**3 - 2*g - 2. What is the hundreds digit of n(d)?
2
What is the thousands digit of 38184/12 - (-12 + 3)?
3
Suppose 180*u = 172*u + 15744. What is the thousands digit of u?
1
Suppose 0 = 2*q - 651 - 5045. What is the units digit of q?
8
Let p = -336 - -2370. What is the thousands digit of p?
2
Suppose 3*q = 5*q - 14. Let h(u) = -3*u - q*u + 1 + 9*u + 10*u. What is the units digit of h(4)?
7
Let y(m) = 85*m**2 + 13*m + 12. What is the tens digit of y(-1)?
8
Let o be (-1)/(-9) - (-12300)/108. Let w be (2/(-4))/(19/o). Let v(l) = -17*l - 7. What is the units digit of v(w)?
4
What is the tens digit of (-15 - -16) + (-1028)/(2/(-1))?
1
Let i(v) = -6*v + 12*v**2 - v**3 + 11*v + 11*v + 16. What is the tens digit of i(13)?
5
Let t be ((-3)/2)/(5*9/120). What is the tens digit of 2/t + (-466)/(-4)?
1
Suppose 10206 = 43*g - 29*g. What is the hundreds digit of g?
7
Suppose -2*l + 2 + 690 = -4*j, l - 3*j = 341. What is the tens digit of l?
5
Let d = 32 - 19. Let v = 13 - d. Suppose o = 5*l - 102, -l - 2*l - o + 58 = v. What is the tens digit of l?
2
Let q(r) = 2079*r**2 - 14*r - 14. What is the tens digit of q(-1)?
7
Let i = -368 + 361. Let g(w) = w + 1. Let c(a) = -8*a - 12. Let n(f) = c(f) + 3*g(f). What is the tens digit of n(i)?
2
Suppose 0*r - 5*r = 5*u - 1280, -5*r = -u - 1304. Suppose 4*m + r = 5*o, 9*m + 217 = 4*o + 4*m. What is the tens digit of o?
4
What is the tens digit of (92/(-20) + 5)*10 + 1206?
1
What is the tens digit of (2/2)/((-11)/(-5027))?
5
Let b = -38 - -5. Let i = b + 38. Let a(f) = f**2 - 2. What is the tens digit of a(i)?
2
What is the units digit of (3 - (-1808 - -3)) + (-18)/(-3)?
4
Let m be (12*12/(-3))/(3/(-2)). Suppose 2*d - 5*v - 49 = 0, m = -d + 2*d - 5*v. What is the tens digit of d?
1
Let h(k) = -13*k**3 + 2*k**2 + 2*k. Let v be h(-2). Suppose -2*n = -8*n + v. What is the units digit of n?
8
Let i(c) = 3*c. Let l be i(4). Let z = 27 - 23. Suppose -z*m + 44 = -q - 75, -l = 4*q. What is the units digit of m?
9
Let g(n) = 44*n**2 - 2*n. Let l be g(3). Let i = l + -252. What is the units digit of i?
8
Suppose -4*n + h + 3715 = 0, h = -n + 308 + 627. What is the units digit of n?
0
Let h(r) = r**3 - 16*r**2 + r - 11. Let a be h(16). Suppose -2*m - a*u = -124, -169 = -0*m - 3*m + u. What is the tens digit of m?
5
Let s(y) = -3*y + 6. Let a be s(2). Let p(c) = -c**3 - c + 16. Let r be p(a). Suppose 0 = 4*t - r, -4*i - t - 12 = -88. What is the units digit of i?
8
Let z(u) = 2 + 5 + 10 - u**2 - 8*u. Let r be z(-7). Suppose 0 = -4*o + 5*y + 164, -o - 4*y = -y - r. What is the units digit of o?
6
Let y = 1087 + -713. What is the units digit of y?
4
Let u be (-14)/(-3) - (-1)/3. Let i(b) = 9*b - 23. Let d(c) = -10*c + 23. Let y(w) = u*d(w) + 6*i(w). What is the units digit of y(10)?
7
Suppose 5*s = -25, 60*p - 5864 = 56*p - 4*s. What is the thousands digit of p?
1
Suppose 1188 = 11*v - 2*v. Let y = v + -74. What is the units digit of y?
8
Let x(d) be the third derivative of 7*d**5/30 + d**4/24 - d**3/3 - 10*d**2. What is the tens digit of x(-2)?
5
Let u(r) be the second derivative of r**4/12 - 2*r**3/3 + 19*r**2/2 - 25*r. What is the tens digit of u(9)?
6
Let q(j) = 0*j**2 + j + 2 + 2*j**2 + 0*j**3 - j**3. Let s(g) = g**3 - 4*g**2 - 13*g + 4. Let d be s(6). What is the tens digit of q(d)?
1
Let n be ((-4)/(-3))/(12/18). Let z(g) = 2*g + 4 - 6*g**n + 9*g**2 - 1. What is the tens digit of z(-2)?
1
Let y(w) = -7*w + 35 + 30 - 66. What is the units digit of y(-7)?
8
Let d(p) = -3*p**3 + 2*p**2 + p - 1. Let c be d(-1). Suppose c*z + 22 = 5*z. What is the tens digit of z?
1
Suppose -r - 9 = -10. Let t be r/(2/4*-2). Let b(n) = 34*n**2 - 1. What is the tens digit of b(t)?
3
Let j be 1*8/(-3)*(-66)/88. Suppose -j*p = -d + 199, 379 = 3*d + 2*p - 186. What is the hundreds digit of d?
1
Let o = 45 + -47. Suppose 0 = -5*q - p - p - 60, -3*q - 36 = 3*p. Let a = o - q. What is the tens digit of a?
1
Let m be 2 + 1 - 6/3. Let y be (-3)/(-2 - m)*0. Let j(c) = c**2 - c + 36. What is the units digit of j(y)?
6
Let h = -707 + 1261. What is the hundreds digit of h?
5
Let j be 40/(-220) - (-1698)/22. Suppose 2*a - 485 + j = 0. What is the tens digit of a?
0
Suppose q = -2*y + 618, y = -4*q + 332 - 30. What is the hundreds digit of y?
3
Let a = -1153 - -3567. What is the thousands digit of a?
2
Let u(m) be the second derivative of m**3/6 - m**2/2 - 3*m. Let n be u(3). Suppose 0 = 5*s - n*s - 5*w - 8, -5*s = -3*w - 24. What is the units digit of s?
6
Let b = -406 - -1118. What is the tens digit of b?
1
Let y(p) = 0*p - 5*p - 4*p + 5*p - 2. Let l be y(-1). Let n = 6 + l. What is the units digit of n?
8
Suppose -5*x - 4*n = -61, 4*n - 21 = -2*x + 13. Let s = x + 54. Let f = 88 - s. What is the units digit of f?
5
Let o be (-195)/(-27) + 2/(-9). Let g = o - 2. Suppose 159 = g*t + 59. What is the tens digit of t?
2
What is the tens digit of 5646/9 + 5/(15/(-1))?
2
Let k = -61 + 71. What is the hundreds digit of 131*(6/k - 4/(-10))?
1
Suppose 2*q + 5*k - 803 = 1404, -2*q = 3*k - 2201. What is the hundreds digit of q?
0
Let t(m) = 6*m**2 - 7*m - 29. What is the hundreds digit of t(-12)?
9
Suppose 5*p + r - 24 = 0, 2*r - 7*r + 8 = -3*p. Suppose -o = p*o - 10. Let j(c) = 2*c + 1. What is the units digit of j(o)?
5
Suppose -5*i = -10*i + 5. Suppose -i = r - 7. Suppose -q - q = -r. What is the units digit of q?
3
Let p = 3075 - 2123. What is the hundreds digit of p?
9
Suppose 6 = 3*i - 3*v, -2*v = -7*v